-a*h. What are the prime factors of h?
7
Let a = 38 - 33. Let g be 3/a - 724/(-10). Let u = g - 14. What are the prime factors of u?
59
Suppose -3*i - 2*i = 0. Suppose 3*c = 0, i = 2*m - m - 5*c - 59. Suppose m = 5*w - 76. List the prime factors of w.
3
Suppose 80*p - 115877 - 35003 = 0. What are the prime factors of p?
2, 23, 41
Let i = 6 - 4. Suppose 5*q = -33 - 27. List the prime factors of q*i*(-4)/32.
3
Suppose -42*r + 9779 = -6559. List the prime factors of r.
389
Let o = 1225 - 644. What are the prime factors of o?
7, 83
Let x(q) = -4*q**2 + 2*q + 700. What are the prime factors of x(0)?
2, 5, 7
Let v(q) = q**3 - q**2 - 6*q + 13. Let b be v(6). Suppose 3*m - 161 = b. List the prime factors of m.
2, 53
Let v(n) = n**3 + 26*n**2 + 96*n - 24. What are the prime factors of v(-17)?
3, 5, 7
Let a = 864 + -309. List the prime factors of a.
3, 5, 37
Suppose u - 15 = -22. List the prime factors of 62*((-35)/10)/u.
31
Let g(m) = -4*m**3 - 23*m**2 - 10*m - 30. What are the prime factors of g(-7)?
3, 5, 19
Suppose -l + 88 = -81. Let c = 357 - l. List the prime factors of c.
2, 47
Let i be (21/(-9) + 4 + -1)*39. Let x = 89 - i. What are the prime factors of x?
3, 7
Suppose -5*s = -2*f + 514, -2*s - f = -0*s + 202. Let a = s + 215. What are the prime factors of a?
113
Let q(n) = n**3 + 7*n**2 - 2*n + 7. Let m be q(-7). Suppose -m = -4*w + w. Suppose -50 = -j - u, -3*j + w*j - 2*u = 170. List the prime factors of j.
3, 5
Suppose -2*q - 18 = -y + 116, 20 = 5*q. List the prime factors of y.
2, 71
Let y(o) = o**2 + 2*o - 3. Let j be y(2). Suppose j*s + 4*w - 283 = 0, 3*s + w = s + 115. What are the prime factors of s?
59
Let f(c) = 19*c + 56. What are the prime factors of f(17)?
379
Let l(v) = 5*v**2 + 36*v - 37. Let h(x) = x**2 + 9*x - 9. Let b(k) = -9*h(k) + 2*l(k). Let p be b(9). Suppose p*w + w = 560. What are the prime factors of w?
2, 5, 7
Let q(l) = l**3 + 11*l**2 + 10*l + 11. Let a be q(-10). Let j = 14 - a. What are the prime factors of j?
3
Let w(m) = m**3 + 39*m**2 - 2*m + 203. List the prime factors of w(-38).
1723
Suppose 0 = 4*l + 3*f - 1968, -l - f + 489 = -3. List the prime factors of l.
2, 3, 41
Let j(x) = -x**3 + 10*x**2 - 4*x - 3. Let r be 36/6*(-2 + 3 - 0). List the prime factors of j(r).
3, 13
Suppose 3*q - 12 - 6 = 0. Suppose -a = 3*d - 103, 2*a + q = 3*d - 94. List the prime factors of d.
2, 17
Let t(y) = 39*y**2 + 21. What are the prime factors of t(-5)?
2, 3, 83
Let r(q) be the first derivative of -q**2/2 + 4*q + 1. Let j be r(6). List the prime factors of ((-70)/j)/(1 - 0).
5, 7
Let k = 21 - 18. What are the prime factors of 77*(k/(-2))/((-18)/12)?
7, 11
Suppose 4*w = 5*i - 380, -196 = -3*i - 2*w - 2*w. Suppose -4*r + a = -202 - 95, i = r - a. List the prime factors of r.
3, 5
Suppose 5*m - 1 = 6*m. List the prime factors of (-1 - m)/((-2)/(-1)) + 176.
2, 11
Let d be (-13821)/(-6) - 1/(-2). Let y = d + -1296. What are the prime factors of (-1)/5 - y/(-40)?
5
Let s(t) = t**2 - 7*t + 14. Let b be s(6). List the prime factors of 2376/16 + 4/b.
149
Suppose -3*y = -2*y - 5*b - 23, -5*y + 3*b + 27 = 0. Let t be (5/(-2))/(-1)*26. Suppose -j = i + 12 - t, y*j + 69 = i. What are the prime factors of i?
3, 19
Let a be 1/3*3 + -1 + 5. Suppose d - 6 - 4 = -n, 0 = -a*d. What are the prime factors of n?
2, 5
Let o be -1 + 1 - (-8 - -6). Suppose j - 3 - o = 0. List the prime factors of (78/j)/((-6)/(-20)).
2, 13
Let g = -2062 - -2898. What are the prime factors of g?
2, 11, 19
Suppose -2*l + 9*l = 2765. List the prime factors of l.
5, 79
Suppose -t = 9 + 12. Let d(v) = -2*v + 31. List the prime factors of d(t).
73
Let h(g) = g**3 + 13*g**2 + 13*g + 6. Let w(t) = t**2 + 13*t. Let q be w(-12). Let s be h(q). What are the prime factors of 1/((-6)/33)*s?
3, 11
Let p(r) = -79*r - 1. Let g be p(2). Let w = -84 - g. What are the prime factors of w?
3, 5
List the prime factors of 4653/15 - (-81)/45.
2, 3, 13
Let s = 61 - 59. List the prime factors of (4680/100)/((s/(-5))/(-1)).
3, 13
Let m(g) = 0*g**3 - 6*g**2 - g**3 + 44*g + 5 - 52*g. Let z be m(-4). Suppose 2*d - 497 = -z*d. What are the prime factors of d?
71
Let t(y) = 5 - 19 - 2*y**2 + y + y**2 + 17*y. Let z = 15 + 0. What are the prime factors of t(z)?
31
What are the prime factors of (-462)/44*(-52)/3?
2, 7, 13
List the prime factors of 60*((-238)/(-6) - (-36 - -43)).
2, 5, 7
Let o = 73 - 170. List the prime factors of o/((-1)/1 + 0).
97
List the prime factors of (-1)/(-1)*(-1012)/(-4).
11, 23
Let a(r) be the third derivative of r**8/20160 + r**7/630 + r**6/80 + r**5/6 + r**2. Let u(d) be the third derivative of a(d). List the prime factors of u(-10).
29
Let t(i) = i**3 + 17*i**2 - 2*i - 15. Let u be t(-16). Let q = u - 116. What are the prime factors of q?
157
Suppose -c - 36 = -3*c. Let i be (9/(-6))/((-3)/c). Suppose -3*y + 12 + i = 0. What are the prime factors of y?
7
Let d(p) = -6*p**3 + 2*p**3 - 9*p + 10*p**2 + 3*p**3 + 13. Let b(t) = 4*t - 51. Let z be b(15). List the prime factors of d(z).
13
Let r(i) = -i**3 + 9*i**2 - 7*i - 8. Let f be r(8). Suppose -k + 3*k = f. Suppose 5*g - 3*g - 42 = k. List the prime factors of g.
3, 7
Suppose 17*t + 8*t - 45350 = 0. What are the prime factors of t?
2, 907
Let y(z) = 8*z**2 + 29*z. List the prime factors of y(-7).
3, 7
Let o = 8690 + -4325. What are the prime factors of o?
3, 5, 97
What are the prime factors of 80/12 - 14/21?
2, 3
Let m be 101*(2 + -1)/1 + -4. Suppose 6*f = m + 197. What are the prime factors of f?
7
Let h be (-4)/(-16) + ((-142)/(-8) - -1). Suppose 67 - h = 3*j. List the prime factors of j.
2
List the prime factors of 545 - 3 - -5 - -4.
19, 29
Suppose -6*x - 1935 = -6957. Suppose x = 18*k - 2025. List the prime factors of k.
3, 53
Let z be (1*3)/((-18)/(-210)). Let p(x) = -x**2. Let f be p(-2). Let q = f + z. What are the prime factors of q?
31
Let f(d) = -9 + 3*d + 8*d - d - 11*d + d**2. Let b be f(4). Suppose -j - 75 = -b*j - 5*n, 5*n = 25. List the prime factors of j.
5
Let n(f) = -506*f**3 + 5*f**2 + 16*f + 7. What are the prime factors of n(-2)?
13, 311
Let o = 120 + 138. What are the prime factors of o?
2, 3, 43
List the prime factors of 0 + (-6)/(-4) + (-157090)/(-92).
1709
Let s be 5/((-2)/(-2)) + 0 + -1. Let k(x) = 5*x**3 - 2*x**2 - 5*x. What are the prime factors of k(s)?
2, 67
Let n(g) = 8*g**2 - g - 4*g**2 - 8 - 5*g. List the prime factors of n(-5).
2, 61
Let u be (-2 - -1)/((-10)/3 + 3). Suppose 4*s + u*z - z - 108 = 0, -3*z + 62 = 2*s. List the prime factors of s.
5
List the prime factors of -1 + 7 - ((-11)/(-11) - 788).
13, 61
Let g(r) = -297*r + 26. What are the prime factors of g(-2)?
2, 5, 31
Suppose 0*z + 4 = z. What are the prime factors of (-6208)/(-80) - z/(-10)?
2, 3, 13
Suppose 4*d - 8*d - 80 = 0. Let j be d/(-16) + (-6)/(-8). Suppose -j*h - 15 + 41 = 0. What are the prime factors of h?
13
Let b(g) = 5*g + 4*g - 4*g - 3 + 5*g. Suppose 40*a - 38*a = 2. List the prime factors of b(a).
7
List the prime factors of (712/12 + 0)/(1/6).
2, 89
List the prime factors of 2 + (-19)/((-171)/2430).
2, 17
Suppose -2*v = -5*v - 9, -3*j + 9 = 3*v. Suppose -8*h = -j*h - 6. Let u(s) = 3*s**2 - 3*s. List the prime factors of u(h).
2, 3
Suppose 8*q + 247 = 11*q + 4*z, 2*z = -10. List the prime factors of q.
89
Let z(h) = 10*h + 11. Let s be z(9). Let a = s + -61. What are the prime factors of a?
2, 5
Let c be (-4)/3 + 1 - (-21)/9. List the prime factors of 0 + (83 - 1) + c.
2, 3, 7
Let v = -180 + 250. What are the prime factors of v?
2, 5, 7
Suppose -2*r - 2*r + 6805 = -x, 5*x = -2*r + 3375. What are the prime factors of r?
2, 5, 17
Let y = -17 + 21. Suppose y*o = o. Suppose 0*b + 150 = 4*u - 3*b, -5*u - 2*b + 176 = o. What are the prime factors of u?
2, 3
Suppose -4 = i - 7. Suppose 0 = -i*c - c + 120. Suppose 3*o - 96 = -3*l, o - 3*l + c = 2*o. List the prime factors of o.
3, 11
Let k = -100 - -235. Suppose 5*d + 25 = -0*d, -5*z - d = -k. List the prime factors of z.
2, 7
Let n(m) be the second derivative of m**3/6 + m**2 - 34*m. Suppose 0 = -2*f + 5*s - 3, f = 4*s + 1 - 7. What are the prime factors of n(f)?
2
Let s(o) = 53*o**2 + 11*o - 24. What are the prime factors of s(5)?
2, 3, 113
Let l(v) = v. Let f(r) = -8*r + 15. Let i(c) = f(c) - 3*l(c). List the prime factors of i(-15).
2, 3, 5
Let g(f) = -f**3 + 13*f**2 